are the prime factors of q(12)?
2, 863
Let m = 133 - 49. Suppose -3*b + m = -117. What are the prime factors of b?
67
Let f = 129 + -49. List the prime factors of f.
2, 5
Let c(b) = 18*b**3 + 4*b**2 + 9*b + 2. Let g be c(-2). Let x = -114 - g. What are the prime factors of x?
2, 3, 5
Suppose 4*x = 5*g - 2779, 3*g - 885 = -x + 796. What are the prime factors of g?
13, 43
What are the prime factors of (1790/(-2))/(6*1/(-6))?
5, 179
Let t = -132 - -228. Let d(a) = a**2 + 10*a - 8. Let i be d(-6). Let h = t + i. What are the prime factors of h?
2
What are the prime factors of 0 - (-2 - (2 + -5)) - -272?
271
Let u(a) = 3*a**2 + 6*a + 1. Suppose -30 = 23*b - 18*b. List the prime factors of u(b).
73
Let w = -22 - -29. Suppose -18 = -w*v + 66. What are the prime factors of 88/v*27/6?
3, 11
Let v(d) = 3*d - 16. Let o be v(7). Suppose -58 - 57 = -o*c. What are the prime factors of c?
23
Let n = 1152 + -1135. List the prime factors of n.
17
Suppose 2*v - 37 = a + 7*v, -4*a - 4*v - 68 = 0. Let k(s) = -s**3 - 12*s**2 - 10*s - 20. What are the prime factors of k(a)?
2, 5
Let b(h) = h**3 + 7*h**2 + 2. Let l(q) = q**2 + 5*q. Let y be l(-4). Let t be b(y). Suppose 8*f - 3*f = t. List the prime factors of f.
2, 5
Suppose 0 = 3*b + 7 - 16. Suppose -8*w = -b*w - 25, -141 = -2*m + w. What are the prime factors of m?
73
Let m be -58*1*12/8. Let b = m + 149. Suppose 2*u - b = x + 24, 0 = -3*u - 2*x + 143. What are the prime factors of u?
3, 5
Let b be -3 - (-3 + 1*20). Let h = -2 + -3. List the prime factors of (h - -1)/2*b.
2, 5
Let b = 239 - -133. List the prime factors of b.
2, 3, 31
Let c(z) = z**2 + 5*z + 8. Let p be c(-2). Suppose 3*x - 30 = d + p*d, -3*x + 30 = 5*d. List the prime factors of x.
2, 5
What are the prime factors of (-117)/(-195) + (1 - 10384/(-10))?
2, 5, 13
Let k(c) = 198*c**2 + 2*c + 1. Let y be k(-1). Suppose 3*d - y = 127. What are the prime factors of d?
2, 3
Let t be ((-5 - -2) + 2)*0. Let q = 252 - 236. Let j = q + t. List the prime factors of j.
2
Let w = -75 - -186. List the prime factors of w.
3, 37
Let v = -29 - -33. Suppose 5*q + 0*q + 160 = 3*o, v*q - 224 = -4*o. Suppose 4*n - 9*n = -o. What are the prime factors of n?
11
Let y be 2/2*(0 + 70). Suppose -p - 5*m + y = 0, -7 - 3 = -2*m. Suppose 0 = 6*b - 3*b - p. What are the prime factors of b?
3, 5
Suppose 0*r - 280 = -4*r. Suppose 3*h - h = -5*a + 38, 3*h = -a + r. List the prime factors of h.
2, 3
Suppose -5*g = d + 435 - 162, 2*d + 557 = g. Let b = -196 - d. List the prime factors of b.
2, 41
Let o be 3460/75 - 4/30. Suppose -4*c = -2*h - 46, h + 29 = -3*c + 6. Let n = o + h. List the prime factors of n.
23
Suppose -4*r - 142 = -o, 2*o + r + 4*r - 297 = 0. List the prime factors of o.
2, 73
Suppose -3*g - g = 0. Suppose g = 4*b - 3*b - 4. Suppose 15 = -2*z + 5*z, -b*n + 24 = -4*z. List the prime factors of n.
11
Let p(b) = 5 + 5 - b - 5 - 18*b. Let d be p(-4). Let l = d + -58. What are the prime factors of l?
23
What are the prime factors of (-26000)/(-55) - 9/(-33)?
11, 43
Suppose -9*r - 2*d - 2549 = -12*r, -4*r + 4*d = -3400. What are the prime factors of r?
3, 283
Let z be 3/15 - (236/(-20) + -4). Suppose -4*l + 3 = -17. Let g = z + l. List the prime factors of g.
3, 7
Suppose 2*x = -4*x + 12. Suppose -k + 13 = x*k + s, 0 = 2*k - s - 17. List the prime factors of k.
2, 3
Suppose -15 = -5*m, 0*m = -2*h + 5*m - 201. What are the prime factors of (h/4)/((-3)/20)?
5, 31
Suppose -2*b - 3*o = -1870, -935 = -b + 7*o - 9*o. List the prime factors of b.
5, 11, 17
Let b(d) = d**2 - 13*d + 5. Let a be b(14). Suppose a*y - 10*y - 1494 = 0. List the prime factors of y.
2, 83
Let r = -3 - -5. Suppose r*u + 0*u = 78. Suppose 2*d - 2*m - 109 = -u, -3*m = 4*d - 112. List the prime factors of d.
31
List the prime factors of ((-17)/(-1) - 3)*(15 - 13).
2, 7
Let w(q) = -8*q**2 - q - 8. Let m be w(6). Let h = 442 + m. List the prime factors of h.
2, 5, 7
Let s(y) = 11*y**3 - 12*y**2 - 7*y + 27. Let d(j) = 5*j**3 - 6*j**2 - 3*j + 13. Let l(f) = -9*d(f) + 4*s(f). List the prime factors of l(5).
11
Let d(j) = j**3 - 19*j**2 + 32. What are the prime factors of d(21)?
2, 457
Let j = 25 - 20. Suppose -522 = -j*u - 7. What are the prime factors of u?
103
Let l(z) = -z**2 - 12*z + 31. Let i be l(-14). Suppose i*o - 4*g = 66, 2*o = o + g + 21. List the prime factors of o.
2, 3
Suppose 10*l + l + 66 = 0. List the prime factors of 4/l - 3*(-1112)/36.
2, 23
Let u = 780 + -736. List the prime factors of u.
2, 11
What are the prime factors of (1516/2)/(6 + -4)?
379
Suppose 0 = -2*y + 6, -3*y - 9770 = -5*s + 206. What are the prime factors of s?
1997
Suppose -3*u + 22 - 1 = 0. Suppose 28 = -u*p + 5*p. List the prime factors of 2/(-14) + (-142)/p.
2, 5
Suppose -3 = 2*o - 11. Let b be (-2 - 0) + (8 - o). Suppose b*k - 5*v = 95, -2*k + 3*v = 6*v - 55. List the prime factors of k.
5, 7
Suppose 0 = -2*w - 4*k - 8, -8 = 3*k + 4. Suppose 0 = w*j + 255 + 9. Let c = 98 + j. What are the prime factors of c?
2
Let q(z) = 12*z**2 - 4*z + 16. Let t be q(9). List the prime factors of (2/(-3))/(t/(-474) + 2).
79
Let r = -107 - -119. Suppose -7*c + r*c = 480. What are the prime factors of c?
2, 3
Let w(i) = -2*i. Let s be w(-5). Suppose 2*q + 0*q + s = 0. List the prime factors of (-2)/q - (-208)/5.
2, 3, 7
Let c = -475 + 1120. List the prime factors of c.
3, 5, 43
Let d(s) = 2*s**3 + s**2 + 6*s - 11. Let b be d(8). Suppose -15*x - b = -20*x. What are the prime factors of x?
3, 5
Let q(u) = -2922*u - 13. What are the prime factors of q(-1)?
2909
Let y(j) = 25*j + 2. Let c be y(-5). Let d = -84 - c. What are the prime factors of d?
3, 13
Suppose -55 = -60*x + 59*x. What are the prime factors of x?
5, 11
Let x(m) = -m**3 + 5*m**2 + 8*m - 7. Let v be x(6). Suppose 9 = -d + v*n, -3*n - 7 = -22. What are the prime factors of d?
2
Let j(r) = -136*r + 14. Let b(l) = -91*l + 9. Let o(p) = 8*b(p) - 5*j(p). What are the prime factors of o(-3)?
2, 73
Suppose -4*m = -7*m - 2*l - 37, 4*l = m - 11. Let t = -6 - m. Suppose 2*w - t = 1. What are the prime factors of w?
2
Let n be 2/(-7)*28/(-1). Let r be (n/10)/(12/60). Suppose -2*d + 30 = r*d. List the prime factors of d.
5
Let k be (-3)/(6/8) - -3. What are the prime factors of 39 - -8*k/(-2)?
43
List the prime factors of (-63105)/(-42) + 0 + (-6)/(-4).
2, 47
Let l = -93 - -63. Let h be (-5)/l - 291/18. What are the prime factors of ((-8)/h)/((-2)/(-32))?
2
Let y be ((-60)/9)/(1/(-12)). Suppose 5*d = -2*v + 158, 4*v - 4*d + y = 340. List the prime factors of v.
3, 23
Suppose -2*p = 0, 39*o - 38*o = p + 476. What are the prime factors of o?
2, 7, 17
Let i be (-1)/7 + 464/112. What are the prime factors of (i - 61/(-2))*2?
3, 23
Suppose 3*w - 8 = q, -3*w + 3*q + 2*q + 16 = 0. Suppose -w*j + 3*h + 512 = 7*h, -4*j + 5*h = -1050. What are the prime factors of j?
2, 5, 13
Let n = 371 - 100. Suppose 0 = -3*u + 206 + n. What are the prime factors of u?
3, 53
Suppose -5*r - 1534 = -4*j - 3*r, -j = -r - 382. List the prime factors of j.
5, 7, 11
Let g be (12/30)/(1/30). Let h = 2 - g. Let y = h + 32. List the prime factors of y.
2, 11
Let t(y) = 24*y**2 + 4*y + 2. Let u be t(-2). Let x(o) = -o**3 + 12*o**2 - 12*o + 16. Let g be x(11). Suppose g*m + 30 = u. List the prime factors of m.
2, 3
Suppose s = -2*w + 12, 0 = -2*s + 3*w + 54 - 2. Suppose 14*t + 954 = s*t. List the prime factors of t.
3, 53
Let f(o) = 360*o**3 + 3*o**2 - 4*o + 3. What are the prime factors of f(1)?
2, 181
Suppose -20 = -5*k, 18*k - 14*k = 2*s - 296. List the prime factors of s.
2, 3, 13
Let l be (-7752)/(-44) + 2/(-11). What are the prime factors of 2/6 - l/(-3)?
59
What are the prime factors of (-9 - 21/(-2))*1438?
3, 719
Suppose -5*n + 6*n - 211 = 0. List the prime factors of (-2)/4 + (2 - n/(-2)).
107
Let i = 336 - 20. List the prime factors of i.
2, 79
Let a(v) = -328*v + 233. List the prime factors of a(-15).
5153
Let p = 9 - 1. Suppose x - 3*v = 9, v - 3 = -2*x + p. List the prime factors of x*1/(-4)*-10.
3, 5
Let t = -12 - -15. Let c be (-2 + t)/(3/87). Suppose -3*o = -5*l - c, -3*o + 7*o + 2*l = 82. What are the prime factors of o?
2, 3
Let w = 4 - -2. Suppose v = w*v - 30. Suppose 7*i - 21 = v*i. What are the prime factors of i?
3, 7
Suppose 17 = 3*p - 4. Suppose p*t = 2*t - 3*v + 13, 19 = 3*t - v. Suppose -t*q - f